ded by 778?
424
Calculate the remainder when 3341 is divided by 65.
26
What is the remainder when 244954 is divided by 76?
6
What is the remainder when 439602 is divided by 146534?
0
What is the remainder when 9117 is divided by 61?
28
Calculate the remainder when 42248 is divided by 25.
23
Calculate the remainder when 13085 is divided by 409.
406
Calculate the remainder when 25440 is divided by 33.
30
Calculate the remainder when 5653 is divided by 1877.
22
Calculate the remainder when 36048 is divided by 2252.
16
What is the remainder when 18800 is divided by 704?
496
Calculate the remainder when 19967 is divided by 9980.
7
What is the remainder when 26079 is divided by 11?
9
Calculate the remainder when 345562 is divided by 5485.
7
What is the remainder when 4665 is divided by 1116?
201
Calculate the remainder when 121402 is divided by 547.
515
What is the remainder when 12257 is divided by 299?
297
Calculate the remainder when 19074 is divided by 6200.
474
Calculate the remainder when 544812 is divided by 272401.
10
Calculate the remainder when 68104 is divided by 68097.
7
Calculate the remainder when 987 is divided by 332.
323
What is the remainder when 13074 is divided by 351?
87
Calculate the remainder when 4640 is divided by 18.
14
Calculate the remainder when 4990 is divided by 61.
49
Calculate the remainder when 110460 is divided by 36820.
0
Calculate the remainder when 4328 is divided by 67.
40
Calculate the remainder when 14240 is divided by 14076.
164
Calculate the remainder when 1648 is divided by 164.
8
Calculate the remainder when 4480 is divided by 2191.
98
Calculate the remainder when 10462 is divided by 19.
12
What is the remainder when 38212 is divided by 11?
9
Calculate the remainder when 276358 is divided by 148.
42
What is the remainder when 94090 is divided by 15680?
10
What is the remainder when 30043 is divided by 66?
13
What is the remainder when 10416 is divided by 611?
29
What is the remainder when 64230 is divided by 177?
156
What is the remainder when 7752 is divided by 7738?
14
What is the remainder when 63999 is divided by 287?
285
What is the remainder when 4891 is divided by 4885?
6
Calculate the remainder when 2260 is divided by 283.
279
What is the remainder when 9764 is divided by 1213?
60
What is the remainder when 49037 is divided by 16341?
14
Calculate the remainder when 519464 is divided by 31.
28
What is the remainder when 427294 is divided by 2180?
14
Calculate the remainder when 180655 is divided by 118.
115
What is the remainder when 676 is divided by 468?
208
Calculate the remainder when 20299 is divided by 10140.
19
Calculate the remainder when 32128 is divided by 70.
68
Calculate the remainder when 103511 is divided by 488.
55
What is the remainder when 4239 is divided by 92?
7
What is the remainder when 6299 is divided by 708?
635
What is the remainder when 11207 is divided by 11?
9
What is the remainder when 10759 is divided by 20?
19
Calculate the remainder when 63447 is divided by 582.
9
What is the remainder when 60604 is divided by 527?
526
What is the remainder when 17199 is divided by 5731?
6
Calculate the remainder when 2482 is divided by 626.
604
What is the remainder when 3442 is divided by 836?
98
What is the remainder when 466688 is divided by 14?
12
What is the remainder when 13690 is divided by 352?
314
What is the remainder when 97780 is divided by 427?
424
Calculate the remainder when 182101 is divided by 221.
218
What is the remainder when 35999 is divided by 1816?
1495
What is the remainder when 19457 is divided by 117?
35
What is the remainder when 478100 is divided by 88?
84
Calculate the remainder when 111879 is divided by 6213.
45
What is the remainder when 2448 is divided by 1076?
296
What is the remainder when 10700 is divided by 2674?
4
What is the remainder when 865 is divided by 311?
243
Calculate the remainder when 4763 is divided by 1185.
23
Calculate the remainder when 709415 is divided by 294.
287
Calculate the remainder when 101139 is divided by 389.
388
Calculate the remainder when 137259 is divided by 178.
21
Calculate the remainder when 17281 is divided by 640.
1
What is the remainder when 35243 is divided by 88?
43
Calculate the remainder when 134218 is divided by 15.
13
What is the remainder when 82646 is divided by 26?
18
Calculate the remainder when 1116 is divided by 803.
313
Calculate the remainder when 9746 is divided by 221.
22
What is the remainder when 1743 is divided by 1697?
46
Calculate the remainder when 67435 is divided by 23.
22
Calculate the remainder when 3327 is divided by 1451.
425
What is the remainder when 16928 is divided by 317?
127
Calculate the remainder when 21972 is divided by 3.
0
Calculate the remainder when 519748 is divided by 70.
68
Calculate the remainder when 32427 is divided by 230.
227
What is the remainder when 33066 is divided by 74?
62
Calculate the remainder when 90804 is divided by 966.
0
Calculate the remainder when 158496 is divided by 211.
35
What is the remainder when 3016 is divided by 3011?
5
What is the remainder when 3893 is divided by 682?
483
Calculate the remainder when 166269 is divided by 83134.
1
What is the remainder when 273734 is divided by 8?
6
What is the remainder when 124474 is divided by 31114?
18
Calculate the remainder when 1200 is divided by 509.
182
What is the remainder when 1185921 is divided by 444?
441
Calculate the remainder when 780 is divided by 233.
81
Calculate the remainder when 2475 is divided by 37.
33
What is the remainder when 9536 is divided by 51?
50
Calculate the remainder when 2962 is divided by 499.
467
Calculate the remainder when 3435 is divided by 147.
54
What is the remainder when 1186 is divided by 48?
34
Calculate the remainder when 376641 is divided by 72.
9
What is the remainder when 7077 is divided by 3310?
457
Calculate the remainder when 931 is divided by 123.
70
Calculate the remainder when 49564 is divided by 628.
580
Calculate the remainder when 149544 is divided by 169.
148
What is the remainder when 87264 is divided by 1090?
64
Calculate the remainder when 118120 is divided by 15.
10
What is the remainder when 145525 is divided by 152?
61
What is the remainder when 49959 is divided by 45?
9
Calculate the remainder when 227679 is divided by 4.
3
What is the remainder when 74937 is divided by 1338?
9
What is the remainder when 18896 is divided by 26?
20
Calculate the remainder when 12690 is divided by 6330.
30
Calculate the remainder when 105893 is divided by 331.
304
What is the remainder when 4135 is divided by 1346?
97
What is the remainder when 47406 is divided by 15797?
15
What is the remainder when 11201 is divided by 3726?
23
What is the remainder when 37168 is divided by 53?
15
What is the remainder when 66508 is divided by 978?
4
Calculate the remainder when 22567 is divided by 52.
51
Calculate the remainder when 23124 is divided by 11543.
38
What is the remainder when 8750 is divided by 1220?
210
Calculate the remainder when 257907 is divided by 206.
201
Calculate the remainder when 860278 is divided by 2010.
2008
Calculate the remainder when 22612 is divided by 5653.
0
Calculate the remainder when 1165 is divided by 92.
61
Calculate the remainder when 9856359 is divided by 71.
68
Calculate the remainder when 7966 is divided by 1591.
11
What is the remainder when 176266 is divided by 787?
765
What is the remainder when 10643 is divided by 10620?
23
Calculate the remainder when 219341 is divided by 54824.
45
What is the remainder when 19756 is divided by 2819?
23
Calculate the remainder when 94258 is divided by 31402.
52
Calculate the remainder when 59291 is divided by 19759.
14
What is the remainder when 72789 is divided by 135?
24
Calculate the remainder when 17137 is divided by 1239.
1030
Calculate the remainder when 89637 is divided by 14936.
21
What is the remainder when 73278 is divided by 73268?
10
What is the remainder when 335717 is divided by 141?
137
Calculate the remainder when 11781 is divided by 211.
176
What is the remainder when 17199 is divided by 257?
237
What is the remainder when 1230017 is divided by 38?
33
What is the remainder when 1092 is divided by 503?
86
What is the remainder when 147202 is divided by 4?
2
What is the re